n factor of 48 and l?
16
Suppose -3*u + 1 + 5 = 0. Suppose -4*b = -3*c - 27, 0*c + 16 = -2*c + u*b. Let n = c + 27. Calculate the highest common factor of 242 and n.
22
Let r = -77 + 82. Suppose 0 = -r*y - 3*s + 585, y + s + 365 = 4*y. Calculate the greatest common factor of 24 and y.
24
Suppose -612 = 1408*z - 1420*z. What is the greatest common divisor of z and 68?
17
Suppose 0 = 3*l - 5*u - 56, 12 = 4*l - 2*l + 3*u. Let v(b) = -b**3 + 11*b**2 + 14*b + 2. Let s be v(l). What is the highest common factor of 234 and s?
26
Let l = -1377 + 1702. Calculate the greatest common divisor of l and 130.
65
Suppose 2906 = -61*c + 29380. What is the highest common factor of c and 93?
31
Let n = 3633 - 3609. Suppose -b + 3*a = -33, -4 = 3*a - 1. What is the highest common factor of b and n?
6
Let o be (-96)/10*(-9 - (-16)/4). What is the highest common factor of 6 and o?
6
Let l = -147 + 235. What is the highest common factor of l and 11?
11
Let s(a) = a**2 + 11*a + 10. Let y be s(-11). Suppose 2*z - 137 = -27. Let x = z - y. What is the highest common divisor of x and 5?
5
Let v(n) = -n**3 + 62*n**2 - 7*n + 458. Let p be v(62). What is the greatest common factor of p and 8?
8
Let a(c) = 3*c + 6 - 6*c**2 + 16*c**2 - 11*c**2 + c. Let k be a(3). What is the greatest common factor of k and 2?
1
Let u(p) = 8*p - 280. Let w be u(36). Let v(n) = 2*n**3 - 4*n**2 + 3*n - 2. Let m be v(2). What is the greatest common divisor of w and m?
4
Let f = 271 + -117. What is the highest common factor of 182 and f?
14
Let d(w) = w**3 - 6*w**2 - 9*w - 8. Let g be d(8). Let z = -8 + 10. Let h = 14 + z. Calculate the highest common divisor of g and h.
16
Let y(p) = p**3 - 4*p**2 - 3*p - 4. Suppose 0 = -6*w + 8*w - 10. Let b be y(w). Suppose 5*k = -2 + 32. Calculate the highest common factor of k and b.
6
Let v be (-12)/10*95/(-38). Calculate the highest common divisor of 25 and v.
1
Let n(h) = h**3 - 24*h**2 + 28*h + 20. Let d be n(23). Let o be (-146)/(-30) - (-18)/d. What is the greatest common divisor of o and 45?
5
Suppose 29*v + 42 = 32*v. Let x be (2/4 + 3)*v. Let j = -35 + x. What is the highest common factor of j and 28?
14
Let w be (-7)/63*-15*12. Let c be (-1 - -3*2)*1. Calculate the greatest common factor of c and w.
5
Let c(j) = -6*j + 4. Suppose 3*s + f + 16 = -f, -22 = 4*s + 3*f. Let g be c(s). Calculate the highest common factor of 7 and g.
7
Suppose -4*x - 18 + 6 = 0. Let q(f) = -2*f**3 - 4*f**2 - f + 1. Let m be q(x). Let l = m - -8. Calculate the highest common factor of 20 and l.
10
Suppose 0 = -51*h + 921 + 405. Calculate the highest common divisor of h and 4498.
26
Let r be ((-24)/28)/((-3)/924). Suppose b - 3*f = r, -3*b = -5*f - 173 - 607. Calculate the greatest common factor of b and 51.
51
Suppose 4*u = -u + 2*k + 1853, 2*u + 2*k = 730. Let d = 38 + 3. What is the highest common divisor of d and u?
41
Let a(z) = 10*z - 26. Let f be a(4). What is the highest common divisor of 434 and f?
14
Suppose -5*p = -i + 24, 4*i + 5*p - 96 + 0 = 0. Suppose 0 = -2*w + 19 + 13. What is the greatest common divisor of w and i?
8
Suppose -112 = -5*f + 2*x + 258, 5*x - 329 = -4*f. What is the highest common divisor of f and 266?
38
Let t = -16 - -6. Let g = -7 - t. Suppose l = -4*h + h + 26, -g*l = -4*h + 52. What is the highest common factor of h and 70?
10
Let n = -1902 + 2121. What is the highest common divisor of 3 and n?
3
Suppose -5*d - 4*t = -295 - 567, -3*t + 689 = 4*d. What is the greatest common divisor of 20 and d?
10
Let p(g) = -g**3 + 9*g**2 - 7*g - 7. Let y be p(8). Let r be y/((-174)/88 + 2). What is the greatest common divisor of 11 and r?
11
Suppose 3*h = p + 4, 32 = p + 3*p + 4*h. Suppose -c + 2*c - p = 0. Let g(r) = 6*r - 31. Let x be g(6). Calculate the greatest common factor of x and c.
5
Let j(w) = -w**2 - 14*w + 9. Let h be j(-10). Suppose q = 7 + 6. Suppose 4*a - q - 11 = -m, 20 = -5*m. What is the greatest common factor of a and h?
7
Let c = -1316 - -1586. What is the greatest common divisor of 60 and c?
30
Let c = 37 + -27. Suppose -11*f = -73 - 37. What is the greatest common divisor of c and f?
10
Let c(g) = -18*g + 1 - 5*g**2 + 932*g**3 - 931*g**3 + 20*g**2 - 11. Let u be c(-16). Calculate the highest common factor of u and 33.
11
Suppose -18*i + 22 = -15*i + 4*f, 6 = i + 2*f. What is the greatest common divisor of i and 3130?
10
Suppose 36 = -5*a + 121. Calculate the greatest common factor of a and 51.
17
Let n be ((20/(-6))/(-1))/(1/9). Let y = 4 + 8. Calculate the highest common divisor of n and y.
6
Suppose 8*c - 35 = c. Let s = -24 + 49. What is the greatest common factor of c and s?
5
Let t(a) = -a**2 + 11*a - 19. Let k be t(8). Suppose 3*p - 3*i - i - 17 = 0, k*p + 2*i = 37. Calculate the greatest common divisor of p and 35.
7
Let k(r) be the third derivative of r**4/8 - 13*r**3/6 + 11*r**2. Let j be k(5). What is the greatest common divisor of 10 and j?
2
Let m = -7 + 21. Let o be -1*16*(-70)/m. What is the highest common factor of 16 and o?
16
Let c(y) = -10*y - 43. Let b be c(-5). What is the highest common factor of b and 77?
7
Let q be (-2)/(1*(3 - 4)). Suppose q*l - c + 5*c = 86, 3*l + 5*c - 124 = 0. Let t be l/3 + (0 - -3). Calculate the greatest common divisor of t and 21.
7
Let c = 1052 - 635. Let o be 3/(-2) + c/6. Let u = -34 + o. Calculate the highest common divisor of u and 17.
17
Suppose -80*x = -83*x + 1020. What is the greatest common divisor of 136 and x?
68
Let d(o) be the second derivative of -7/2*o**2 + 3*o + 0 - 1/10*o**5 + 0*o**3 - 1/4*o**4. Let p be d(-3). What is the highest common factor of p and 80?
20
Let o be (-1496)/6*18/12. Let u = -228 - o. Suppose -4*d - 187 = -4*f - 9*d, 0 = -3*f + 2*d + u. Calculate the highest common factor of 32 and f.
16
Let n be (-18)/4*6/(-3). Let v = 47 - 44. Suppose 8 + 23 = v*a + g, 0 = -2*a + g + 14. Calculate the greatest common factor of n and a.
9
Let x = 6 - 2. Suppose -4*t = -4*u - 12, 0*u - u - 9 = -x*t. Let v be ((-14)/(-35))/(u/(-130)). Calculate the greatest common factor of v and 13.
13
Suppose 16*f - 87 = 100 - 43. Suppose -3*j = -2*j - 21. Suppose -j = -2*n - 3. Calculate the highest common factor of n and f.
9
Let u(j) = j**2 - 11*j + 38. Let a be u(6). What is the highest common factor of 36 and a?
4
Suppose w - 16 = 10. Let b(o) = -10*o - 10. Let y be b(-14). What is the highest common divisor of w and y?
26
Let t be 17/4 - 2/8. Suppose 4*b + 5*a = -1, 0*a = -t*b + a + 29. What is the greatest common factor of 15 and b?
3
Let z = 232 - 78. Suppose -w - 4*l + 1 = -24, -l = -5. Suppose 2*x - j - 16 - 25 = 0, -j - 107 = -w*x. What is the highest common divisor of z and x?
22
Let y(k) = 9*k**2 - k - 9. Let h be y(3). Calculate the highest common divisor of h and 345.
69
Suppose 0 = -8*v + 15*v. Let z be 436/24 - ((-4)/(-24) - v). What is the greatest common factor of 24 and z?
6
Suppose 0 = 2*u + 32. Let d = u - -35. Calculate the highest common divisor of d and 76.
19
Let w(m) = -3*m - 18. Let d be w(-13). Let g = d + -16. Suppose c = -4*c + r + g, c - r - 1 = 0. What is the highest common factor of c and 5?
1
Suppose 24 = -3*v + 4*d, 3*d = v - 6*v - 11. Let h be v/10*-10 - -14. What is the greatest common factor of h and 90?
18
Suppose 5*f - 112 = 2*j + 105, f - 4*j - 29 = 0. Suppose 50 = 3*k + 35. Calculate the highest common factor of f and k.
5
Let d = 8 - 21. Let r = 17 + d. Suppose 141 = 2*v + a, 4*a - 263 = -r*v + 21. Calculate the greatest common divisor of v and 14.
14
Let q(t) = -t**3 - 34*t**2 + 33*t - 46. Let a be q(-35). What is the highest common divisor of a and 48?
24
Let g(n) = 3*n**2 + 4*n + 4. Let v be g(5). Suppose 9*z + 9*z = 198. Calculate the greatest common factor of v and z.
11
Let c(a) = 2*a - 10. Let m be c(5). Suppose -j = -m*j - 81. Suppose 5*t - 4*q = 29 - 0, -2*q = 5*t - 53. Calculate the highest common divisor of j and t.
9
Suppose -3*p - 271 = -4*k, 0 = -k - k - 4*p + 152. Let f be -10*1/3*-18. Let g = -32 + f. Calculate the highest common divisor of k and g.
14
Let i = 39 + -35. Let q be (-39)/13*i/(-2). Calculate the highest common divisor of q and 12.
6
Let o = 4 + 11. Suppose 2*h - 5*h + o = 0. Suppose -2*m - 229 = -h*g, 5*g - 3*m = 332 - 101. Calculate the greatest common divisor of 30 and g.
15
Suppose -3*u - 19 = 5. Let 